alse
Is 937621 a prime number?
False
Is 4229 a composite number?
False
Is 50629 a composite number?
True
Is 497863 a composite number?
True
Is 31957 composite?
False
Is 43541 composite?
False
Is 175342 a prime number?
False
Is 23843 prime?
False
Is 184865 prime?
False
Is 61661 prime?
False
Is 36887 composite?
False
Is 8767 a composite number?
True
Is 600269 prime?
True
Is 2631 a prime number?
False
Is 775169 a composite number?
True
Is 55921 composite?
False
Is 7771 prime?
False
Is 54269 a composite number?
False
Is 17246 prime?
False
Is 8779 a composite number?
False
Is 2106323 composite?
True
Is 4729 prime?
True
Is 2005633 prime?
False
Is 949537 a prime number?
False
Is 177247 a composite number?
True
Is 41455 composite?
True
Is 137203 prime?
False
Is 76931 composite?
True
Is 44113 prime?
False
Is 123001 prime?
True
Is 10189601 composite?
False
Is 42095 a prime number?
False
Is 229267 composite?
False
Is 526349 a prime number?
False
Is 183 a composite number?
True
Is 451747 a composite number?
False
Is 41887 a prime number?
True
Is 6742561 prime?
False
Is 248667 composite?
True
Is 40441 a prime number?
False
Is 493 a prime number?
False
Is 618158 composite?
True
Is 9337 prime?
True
Is 15706 a prime number?
False
Is 337709 prime?
False
Is 2459 composite?
False
Is 250291 prime?
False
Is 13033 prime?
True
Is 3989 a composite number?
False
Is 135773 a prime number?
False
Is 9091 composite?
False
Is 3961 composite?
True
Is 472051 a composite number?
False
Is 11027 a composite number?
False
Is 462221 a composite number?
False
Is 2439511 prime?
True
Is 322607 a composite number?
False
Is 793 composite?
True
Is 27355 a prime number?
False
Is 86813 a prime number?
True
Is 315727 prime?
False
Is 1597 a prime number?
True
Is 68657 a prime number?
False
Is 65761 composite?
False
Is 1604311 composite?
False
Is 47431 a composite number?
False
Is 43669 a prime number?
True
Is 53579 a composite number?
True
Is 73693 a composite number?
False
Is 15161 a prime number?
True
Is 79411 composite?
False
Is 887 prime?
True
Is 17621 a composite number?
True
Is 786823 prime?
True
Is 30698 prime?
False
Is 8143 a composite number?
True
Is 49249 a prime number?
False
Is 251131 composite?
True
Is 1306099 composite?
False
Is 23 a composite number?
False
Is 4886495 composite?
True
Is 292069 a prime number?
True
Is 377827 a prime number?
True
Is 24659 a composite number?
False
Is 34913 a composite number?
False
Is 107711 a prime number?
False
Is 20261 a prime number?
True
Is 10046 a prime number?
False
Is 15541 composite?
False
Is 16619 a composite number?
False
Is 514749 composite?
True
Is 1563319 a composite number?
False
Is 27787 a composite number?
True
Is 171023 a composite number?
False
Is 38531 prime?
False
Is 347 prime?
True
Is 148123 composite?
False
Is 1024427 a composite number?
False
Is 407 prime?
False
Is 31 prime?
True
Is 377 composite?
True
Is 233887 a prime number?
False
Is 2533 a prime number?
False
Is 454609 composite?
False
Is 52859 a composite number?
False
Is 13582 prime?
False
Is 137398 a prime number?
False
Is 43489 composite?
True
Is 2229 a composite number?
True
Is 122065 a composite number?
True
Is 1903 prime?
False
Is 57083 a prime number?
False
Is 98317 composite?
False
Is 448869 prime?
False
Is 17817 prime?
False
Is 7741 prime?
True
Is 8347 composite?
True
Is 66958 prime?
False
Is 4721 a composite number?
False
Is 66737 a prime number?
False
Is 6751 composite?
True
Is 150949 a prime number?
False
Is 1004719 a prime number?
False
Is 1333 composite?
True
Is 63507 composite?
True
Is 18079 composite?
True
Is 114073 a prime number?
True
Is 4373 prime?
True
Is 15877 a composite number?
False
Is 13333 a prime number?
False
Is 6803 a prime number?
True
Is 2933 a composite number?
True
Is 1952381 prime?
True
Is 21857 prime?
False
Is 3967 composite?
False
Is 5109847 a prime number?
True
Is 392758 a composite number?
True
Is 4909 prime?
True
Is 135631 prime?
False
Is 46451 composite?
False
Is 17723 a prime number?
False
Is 35671 composite?
False
Is 151201 composite?
False
Is 20861 a composite number?
True
Is 13471 composite?
True
Is 739909 prime?
True
Is 278543 a composite number?
False
Is 222213 a composite number?
True
Is 178291 a composite number?
True
Is 25369 composite?
True
Is 7993 a composite number?
False
Is 37959 a prime number?
False
Is 27637 composite?
True
Is 942899 a prime number?
True
Is 997 composite?
False
Is 223207 a prime number?
True
Is 1189 a composite number?
True
Is 358805 prime?
False
Is 93601 a prime number?
True
Is 318503 composite?
False
Is 5627 composite?
True
Is 1322 composite?
True
Is 126367 a composite number?
True
Is 67629 prime?
False
Is 1023697 prime?
True
Is 2503 prime?
True
Is 25409 prime?
True
Is 13159 a prime number?
True
Is 3989 a prime number?
True
Is 33961 a prime number?
True
Is 21117 composite?
True
Is 39129 a prime number?
False
Is 275389 composite?
False
Is 5017945 a composite number?
True
Is 70423 composite?
False
Is 71221 prime?
False
Is 10171 prime?
False
Is 3389 a composite number?
False
Is 11819 composite?
True
Is 3697 prime?
True
Is 399473 prime?
True
Is 129607 a composite number?
False
Is 48394 prime?
False
Is 108119 prime?
False
Is 1027201 a composite number?
True
Is 15427 prime?
True
Is 837571 a prime number?
False
Is 3593 a prime number?
True
Is 42979 a composite number?
False
Is 11087 a composite number?
False
Is 51059 a composite number?
False
Is 97 prime?
True
Is 4573 a prime number?
False
Is 1543 a composite number?
False
Is 294349 composite?
True
Is 70589 a composite number?
False
Is 61211 a prime number?
True
Is 9323 a composite number?
False
Is 7151 composite?
False
Is 58337 prime?
True
Is 1180741 composite?
True
Is 42751 a prime number?
True
Is 292937 prime?
False
Is 235273 a prime number?
True
Is 87271 a composite number?
True
Is 9719 a prime number?
True
Is 315179 composite?
False
Is 663419 composite?
True
Is 11599 composite?
True
Is 3929407 a composite number?
False
Is 91559 composite?
True
Is 467 prime?
True
Is 1568729 prime?
True
Is 724393 a prime number?
True
Is 202495 a composite number?
True
Is 1517 a prime number?
False
Is 1829827 a composite number?
False
Is 400963 a composite number?
False
Is 24286 prime?
False
Is 251 composite?
False
Is 18527 a prime number?
False
Is 162187 prime?
False
Is 49483 a prime number?
False
Is 1366991 composite?
False
Is 20211 a composite number?
True
Is 1033967 prime?
False
Is 162061 composite?
True
Is 6947 composite?
False
Is 863983 a composite number?
False
Is 1523 a prime number?
True
Is 113527 prime?
False
Is 1640231 prime?
True
Is 420851 a composite number?
False
Is 15227 a prime number?
True
Is 8443 prime?
True
Is 149371 prime?
True
Is 14371 a prime number?
False
Is 308887 a prime number?
True
Is 11 a composite number?
False
Is 66491 a composite number?
False
Is 75287 composite?
True
Is 31669 prime?
False
Is 18839 a composite number?
False
Is 6173 prime?
True
Is 137659 a prime number?
True
Is 493523 a composite number?
False
Is 2539 a composite number?
False
Is 79313 prime?
False
Is 7477 a composite number?
False
Is 266641 a composite number?
False
Is 420119 prime?
False
Is 126743 a prime number?
True
Is 48394 prime?
False
Is 1963 prime?
False
Is 76721 a composite number?
True
Is 39551 a prime number?
True
Is 393 a composite number?
True
Is 1305721 prime?
False
Is 44179 composite?
False
Is 4751 prime?
True
Is 529471 a prime number?
True
Is 5209 prime?
True
Is 512221 prime?
False
Is 25337 prime?
False
Is 136361 composite?
False
Is 3511 a prime number?
True
Is 41771 composite?
False
Is 7817 a composite number?
False
Is 30047 prime?
True
Is 341203 composite?
False
Is 218737 a prime number?
True
Is 104471 a composite number?
False
Is 4861 prime?
True
Is 6959 a prime number?
True
Is 19661 composite?
False
Is 440831 prime?
True
Is 349471 a composite number?
False
Is 74923 a prime number?
True
Is 5507 a composite number?
False
Is 7853 a composite number?
False
Is 102953 a composite number?
False
Is 26627 a composite number?
False
Is 491 a composite number?
False
Is 10214 a prime number?
False
Is 8795 prime?
False
Is 12761 a prime number?
False
Is 6469 a prime number?
True
Is 369469 a prime number?
True
Is 4987 a prime number?
True
Is 9533 prime?
True
I